{"version":"1.0","provider_name":"BALANCE FITNESS","provider_url":"https:\/\/balancestudio.cafeblog.hu","author_name":"soulbuilder.woman","author_url":"https:\/\/balancestudio.cafeblog.hu\/author\/soulbuilder_woman\/","title":"Boldogs\u00e1gproject, reloaded.","html":"Nemr\u00e9g z\u00e1rult egy boldogs\u00e1gra t\u00f6rekv\u0151 projekt. \u00d6nmotiv\u00e1l\u00f3, facebook-alap\u00fa 100napos program, ahol hashtaggelve, napi fot\u00f3kkal kell megeml\u00e9kezni a nap apr\u00f3 boldogs\u00e1gair\u00f3l. V\u00e9gigzongor\u00e1ztam a 100napot, b\u00e1r akadt olyan, mikor nem volt el\u00e9g er\u0151m kitart\u00f3an fot\u00f3zni \u00e9s meg\u00f6r\u00f6k\u00edteni.\r\nSok mindenre tan\u00edtott ez a program, s sok feladatot is adott. R\u00e1j\u00f6ttem, hogy egy adott k\u00f6rnyezetben \u00fajra \u00e9s \u00fajra azonos dolgok tesznek boldogg\u00e1. Hogy sokszor neh\u00e9z, m\u00e9lyen, l\u00e9lekb\u0151l \u00f6r\u00fclni. Hogy sokszor bizonytalans\u00e1gba esel a negat\u00edv hangulat\u00fa emberk\u00e9kt\u0151l, akik k\u00e9tkedve n\u00e9zik, hogy mit is akarsz Te a kis boldogs\u00e1goddal. Ami a legszomor\u00fabb, hogy ismeretlen t\u00e9nyez\u0151k ok\u00e1n az utols\u00f3 napon el\u00e9g cudarul \u00e9reztem magam. Az\u00f3ta r\u00e1j\u00f6ttem, mi is volt az ok, s vigy\u00e1zok, hogy elker\u00fcljem. M\u00e9g a project befejez\u00e9se el\u0151tt megfogadtam, ezt a hagyom\u00e1nyt folytatom. Fejlesztem, tov\u00e1bb pr\u00f3b\u00e1lom. H\u00e1tha m\u00e1sodik nekifut\u00e1sra m\u00e9g nagyobb ereje lesz.... S \u00edme.... Ma startol a 0. napom! :)\r\n\r\nA 0. nap \u00fczenete sz\u00f3ljon \u00edgy:\r\n\r\nH\u00e1la... a sz\u00fcl\u0151k\u00e9rt! Ak\u00e1rki is lett\u00e9l m\u00e1ra, hatalmas er\u0151, kitart\u00e1s \u00e9s al\u00e1zat kellett ahhoz, hogy ide juss! Ezt nekik k\u00f6sz\u00f6nhetj\u00fck!\r\n<p style=\"text-align: center\"><a href=\"https:\/\/balancestudio.cafeblog.hu\/files\/2014\/06\/family_Fotor_Collage.jpg\"><img class=\"wp-image-1161 aligncenter\" src=\"https:\/\/balancestudio.cafeblog.hu\/files\/2014\/06\/family_Fotor_Collage-300x225.jpg\" alt=\"family_Fotor_Collage\" width=\"464\" height=\"348\" \/><\/a>\u00a0\u00a0\u00a0Fot\u00f3: <a href=\"https:\/\/www.facebook.com\/196745333669246\/photos\/pb.196745333669246.-2207520000.1403470584.\/761802223830218\/?type=3&amp;theater\">Debreczeni Zita<\/a><\/p>","type":"rich"}

Boldogságproject, reloaded.

Nemrég zárult egy boldogságra törekvő projekt. Önmotiváló, facebook-alapú 100napos program, ahol hashtaggelve, napi fotókkal kell megemlékezni a nap apró boldogságairól. Végigzongoráztam a 100napot, bár akadt olyan, mikor nem volt elég erőm kitartóan fotózni és megörökíteni.
Sok mindenre tanított ez a program, s sok feladatot is adott. Rájöttem, hogy egy adott környezetben újra és újra azonos dolgok tesznek boldoggá. Hogy sokszor nehéz, mélyen, lélekből örülni. Hogy sokszor bizonytalanságba esel a negatív hangulatú emberkéktől, akik kétkedve nézik, hogy mit is akarsz Te a kis boldogságoddal. Ami a legszomorúbb, hogy ismeretlen tényezők okán az utolsó napon elég cudarul éreztem magam. Azóta rájöttem, mi is volt az ok, s vigyázok, hogy elkerüljem. Még a project befejezése előtt megfogadtam, ezt a hagyományt folytatom. Fejlesztem, tovább próbálom. Hátha második nekifutásra még nagyobb ereje lesz.... S íme.... Ma startol a 0. napom! :)

A 0. nap üzenete szóljon így:

Hála... a szülőkért! Akárki is lettél mára, hatalmas erő, kitartás és alázat kellett ahhoz, hogy ide juss! Ezt nekik köszönhetjük!
<p style="text-align: center"><a href="https://balancestudio.cafeblog.hu/files/2014/06/family_Fotor_Collage.jpg"><img class="wp-image-1161 aligncenter" src="https://balancestudio.cafeblog.hu/files/2014/06/family_Fotor_Collage-300x225.jpg" alt="family_Fotor_Collage" width="464" height="348" /></a>   Fotó: <a href="https://www.facebook.com/196745333669246/photos/pb.196745333669246.-2207520000.1403470584./761802223830218/?type=3&amp;theater">Debreczeni Zita</a></p>
