{"version":"1.0","provider_name":"BALANCE FITNESS","provider_url":"https:\/\/balancestudio.cafeblog.hu","author_name":"soulbuilder.woman","author_url":"https:\/\/balancestudio.cafeblog.hu\/author\/soulbuilder_woman\/","title":"100happydays, 20th. day.","html":"Egy h\u0171v\u00f6s j\u00faliusi szombat reggel. A nap s\u00fct, \u00e1m h\u0171v\u00f6s a hajnali sz\u00e9l. Egy eml\u00e9kk\u00e9p jut eszembe, mikor a nyarat di\u00e1kmunk\u00e1val t\u00f6lt\u00f6tt\u00fck, ahov\u00e1 kora reggelente \u00fatnak indultunk. Eszembe jut a kitart\u00e1s, a csapatszellem, a besz\u00e9lget\u00e9sek \u00e9lm\u00e9nye. Egy kellemes eml\u00e9k, ami sz\u00e9pp\u00e9 var\u00e1zsolja a napomat.\r\n\r\nEgy r\u00e9g elfelejtett dolog, ami\u00e9rt kisl\u00e1ny koromban rajongtam. Egy \u00edz, ahogyan a kem\u00e9ny vajat a f\u00e9lbev\u00e1gott, csavart bri\u00f3s kal\u00e1csra kenem, s ahogy a kett\u0151 egybe\u00e9rik a sz\u00e1mban. Sokszor ettem m\u00e1r ilyet az\u00f3ta, de eddig nem \u00e9reztem \u00e1t, nem eszm\u00e9ltem r\u00e1, milyen finom is tud lenni. Az eml\u00e9kek sz\u00e9ps\u00e9ge.\r\n\r\n<a href=\"https:\/\/balancestudio.cafeblog.hu\/files\/2014\/07\/happppyyyyyyy.jpg\"><img class=\" wp-image-1223 aligncenter\" src=\"https:\/\/balancestudio.cafeblog.hu\/files\/2014\/07\/happppyyyyyyy-300x200.jpg\" alt=\"happppyyyyyyy\" width=\"339\" height=\"226\" \/><\/a>\r\n<p style=\"text-align: center\">Fot\u00f3 forr\u00e1sa: <a href=\"http:\/\/www.idezetek-versek.eoldal.hu\/cikkek\/boldogsag\/\">google<\/a><\/p>\r\n<p style=\"text-align: left\">Neked melyik az a kedves eml\u00e9ked, ami els\u0151k\u00e9nt eszedbe jut, s sz\u00edvesen gondolsz vissza r\u00e1?<\/p>\r\n<p style=\"text-align: center\"><\/p>","type":"rich"}

Egy hűvös júliusi szombat reggel. A nap süt, ám hűvös a hajnali szél. Egy emlékkép jut eszembe, mikor a nyarat diákmunkával töltöttük, ahová kora reggelente útnak indultunk. Eszembe jut a kitartás, a csapatszellem, a beszélgetések élménye. Egy kellemes emlék, ami széppé varázsolja a napomat.

Egy rég elfelejtett dolog, amiért kislány koromban rajongtam. Egy íz, ahogyan a kemény vajat a félbevágott, csavart briós kalácsra kenem, s ahogy a kettő egybeérik a számban. Sokszor ettem már ilyet azóta, de eddig nem éreztem át, nem eszméltem rá, milyen finom is tud lenni. Az emlékek szépsége.

<a href="https://balancestudio.cafeblog.hu/files/2014/07/happppyyyyyyy.jpg"><img class=" wp-image-1223 aligncenter" src="https://balancestudio.cafeblog.hu/files/2014/07/happppyyyyyyy-300x200.jpg" alt="happppyyyyyyy" width="339" height="226" /></a>
<p style="text-align: center">Fotó forrása: <a href="http://www.idezetek-versek.eoldal.hu/cikkek/boldogsag/">google</a></p>
<p style="text-align: left">Neked melyik az a kedves emléked, ami elsőként eszedbe jut, s szívesen gondolsz vissza rá?</p>
<p style="text-align: center"></p>
